689 and 35435?
373
What is the highest common divisor of 39039 and 594?
33
Calculate the highest common divisor of 104426 and 28.
14
Calculate the highest common divisor of 326001 and 5577.
507
Calculate the highest common factor of 27312 and 720.
48
Calculate the greatest common divisor of 375 and 2840125.
125
Calculate the greatest common divisor of 8 and 1336408.
8
What is the greatest common factor of 125 and 1356525?
25
What is the highest common divisor of 160 and 961220?
20
Calculate the highest common factor of 740 and 1090.
10
Calculate the highest common divisor of 16 and 1115120.
16
Calculate the greatest common divisor of 33 and 6.
3
What is the highest common factor of 15 and 132945?
15
What is the highest common factor of 155 and 6855?
5
What is the highest common divisor of 15162 and 122835?
57
What is the greatest common factor of 761620 and 4?
4
What is the highest common divisor of 2112 and 2772?
132
What is the highest common factor of 546 and 124241?
13
What is the greatest common divisor of 177 and 61478?
59
What is the greatest common divisor of 850500 and 360?
180
What is the highest common divisor of 1270 and 760?
10
Calculate the highest common divisor of 30 and 72705.
15
What is the highest common factor of 18579 and 17453?
563
What is the highest common divisor of 16600 and 400?
200
What is the highest common divisor of 79969 and 422?
211
Calculate the highest common factor of 6999048 and 189.
189
What is the greatest common divisor of 6800 and 19312?
272
What is the highest common factor of 13168 and 16?
16
Calculate the highest common divisor of 72 and 4872600.
72
Calculate the greatest common factor of 11481 and 163701.
129
Calculate the highest common factor of 126 and 3816.
18
What is the greatest common divisor of 95546 and 3636?
202
What is the greatest common factor of 3692109 and 129?
129
What is the greatest common factor of 24 and 14796?
12
Calculate the highest common factor of 702 and 38421.
27
Calculate the greatest common divisor of 27235 and 26.
13
Calculate the highest common divisor of 13888 and 36239.
217
What is the highest common factor of 902 and 2501?
41
What is the highest common divisor of 93352 and 56?
56
Calculate the highest common divisor of 2030868 and 140.
28
What is the highest common divisor of 2392 and 22152?
104
What is the greatest common divisor of 17382 and 32?
2
What is the greatest common divisor of 5670 and 990?
90
What is the highest common divisor of 13307 and 217?
7
Calculate the greatest common factor of 6851 and 260.
13
Calculate the highest common divisor of 22248 and 1300272.
2472
What is the highest common divisor of 28 and 14988?
4
What is the highest common factor of 123981 and 6149?
143
Calculate the highest common divisor of 14848 and 58.
58
Calculate the greatest common divisor of 153 and 29331.
9
Calculate the greatest common factor of 16 and 1051852.
4
Calculate the highest common factor of 703 and 1235.
19
Calculate the highest common divisor of 462 and 111936.
66
Calculate the greatest common divisor of 1280118 and 232.
58
Calculate the highest common divisor of 88 and 192456.
88
Calculate the greatest common factor of 188 and 328436.
188
What is the highest common divisor of 2445 and 1277105?
815
Calculate the greatest common divisor of 104223 and 2793.
147
Calculate the greatest common divisor of 68160 and 128.
64
What is the highest common divisor of 3860 and 1133296?
772
Calculate the highest common factor of 37151 and 291.
97
What is the greatest common divisor of 322107 and 684?
57
What is the highest common divisor of 121490 and 40?
10
Calculate the greatest common divisor of 9 and 8067.
3
Calculate the greatest common factor of 5161 and 587560.
397
Calculate the highest common factor of 909 and 3087.
9
What is the greatest common divisor of 350 and 7210?
70
What is the greatest common divisor of 156 and 1730796?
12
What is the highest common factor of 41000 and 100?
100
What is the greatest common divisor of 980 and 11620?
140
What is the highest common factor of 25597 and 143?
143
Calculate the greatest common factor of 1125950 and 700.
350
What is the highest common factor of 2225 and 128783?
89
Calculate the greatest common divisor of 8 and 6374408.
8
Calculate the highest common divisor of 678050 and 6494.
382
Calculate the greatest common divisor of 922 and 17979.
461
Calculate the greatest common divisor of 202 and 354106.
202
Calculate the greatest common divisor of 222 and 256.
2
What is the greatest common divisor of 6390 and 18450?
90
What is the greatest common factor of 60711 and 1715?
343
Calculate the greatest common factor of 4 and 6967.
1
What is the greatest common divisor of 1975 and 316?
79
Calculate the greatest common divisor of 2157150 and 100.
50
What is the highest common divisor of 13974 and 918?
102
What is the highest common divisor of 1632 and 4313648?
272
Calculate the highest common divisor of 1036 and 8596.
28
What is the highest common factor of 17947 and 3668?
131
Calculate the highest common divisor of 26 and 635960.
26
What is the greatest common factor of 2805 and 795135?
165
What is the highest common divisor of 429520 and 944?
944
Calculate the greatest common factor of 175 and 719425.
175
What is the greatest common divisor of 171153 and 135232?
2113
Calculate the highest common divisor of 394138 and 129.
43
Calculate the highest common divisor of 9 and 182382.
3
What is the highest common factor of 3001180 and 679?
679
Calculate the highest common factor of 42042 and 268086.
546
Calculate the highest common divisor of 6064 and 68.
4
What is the greatest common factor of 25 and 37201?
1
Calculate the highest common factor of 157 and 44117.
157
What is the greatest common factor of 1714476 and 60?
12
What is the highest common factor of 46427 and 17?
17
What is the highest common factor of 7 and 15659?
7
Calculate the highest common divisor of 170729 and 78.
13
Calculate the highest common factor of 8181138 and 7.
7
What is the greatest common factor of 61 and 7489397?
61
Calculate the greatest common factor of 352 and 440.
88
Calculate the greatest common divisor of 70 and 2268.
14
Calculate the greatest common divisor of 28 and 2080876.
28
What is the greatest common divisor of 328 and 13040?
8
Calculate the greatest common divisor of 676 and 1038505.
169
What is the highest common factor of 1056 and 88?
88
Calculate the highest common factor of 24 and 1331412.
12
What is the greatest common factor of 99138 and 124?
62
Calculate the highest common factor of 5191945 and 55.
55
What is the highest common divisor of 19 and 7741?
1
Calculate the highest common divisor of 5 and 304345.
5
What is the highest common factor of 130634 and 98?
98
Calculate the greatest common factor of 88350 and 60325.
475
What is the greatest common divisor of 291 and 259475?
97
Calculate the greatest common factor of 496132 and 2275.
91
Calculate the highest common factor of 5 and 5345.
5
Calculate the highest common factor of 911250 and 540.
270
Calculate the highest common divisor of 180 and 165860.
20
What is the highest common divisor of 115 and 75601?
23
Calculate the highest common divisor of 42 and 346773.
21
What is the highest common divisor of 729 and 2817?
9
What is the highest common divisor of 549376 and 768?
256
What is the greatest common factor of 1045 and 1639?
11
Calculate the highest common factor of 114 and 1711482.
114
Calculate the highest common factor of 60897 and 795.
159
What is the highest common divisor of 5640 and 288?
24
What is the highest common factor of 2163 and 691851?
309
Calculate the highest common divisor of 992 and 936944.
496
Calculate the highest common factor of 165948 and 492.
12
What is the greatest common factor of 760562 and 66?
22
Calculate the highest common factor of 15350 and 350.
50
Calculate the highest common divisor of 18 and 1255572.
18
Calculate the highest common factor of 119 and 6919.
17
What is the greatest common divisor of 651065 and 295?
295
What is the greatest common factor of 5824 and 177996?
364
Calculate the greatest common divisor of 5852 and 131824.
308
Calculate the highest common factor of 6 and 5656512.
6
Calculate the greatest common factor of 73 and 6799147.